 Let s be y(-6). Let o = s + 109. Calculate the remainder when o is divided by 22.
18
Let g(a) = -a**3 - 6*a**2 - 5*a + 2. Let s be g(-5). Suppose s*f = -f + 2*u + 29, 4*f - 5*u - 34 = 0. Calculate the remainder when 49 is divided by f.
5
Calculate the remainder when 70 is divided by (2 - 1)*5*(-18)/(-10).
7
Let h(w) = -7*w**3 + 2*w + 2. Let t(l) = l**3 + 9*l**2 - 9*l + 9. Let n be t(-10). Calculate the remainder when h(n) is divided by (-36)/(-21) + (-2)/(-7).
1
Let x be (0 - -1) + (11 - 12). Suppose -2*h + h + 55 = 4*f, x = 5*f + 3*h - 74. What is the remainder when f is divided by 8?
5
What is the remainder when 332 is divided by 282/14 - (16 + (-222)/14)?
12
Let g = 657 - 568. What is the remainder when g is divided by 14?
5
Let o = -10 + 15. Let p(q) = q**3 - 4*q**2 - 11. What is the remainder when 52 is divided by p(o)?
10
Suppose 2*m - m = 4*d - 144, 0 = 3*m. Suppose 0 = r - d - 32. What is the remainder when r is divided by 38?
30
Let y(m) = 12*m**3 + 10*m**3 + 15 - 17*m - 38*m**3 + 17*m**3 + 16*m**2. Calculate the remainder when 21 is divided by y(-17).
6
Let u = 125 + -63. Let d = -28 + 33. Suppose -d*n - i = i - 101, 3*n + i = 61. What is the remainder when u is divided by n?
20
Calculate the remainder when 214 is divided by 1*(-6)/(-27) + (-14807)/(-153).
20
Let a = -519 + 817. Let z be a/4 + (-15)/6. Suppose z = -6*t + 222. Calculate the remainder when t is divided by 13.
12
Let g = -629 + 917. Suppose 482 = 2*q - g. What is the remainder when 104 is divided by (2 + -4)*q/(-22)?
34
Suppose -183*n = -203*n + 1440. What is the remainder when 858 is divided by n?
66
Let b(t) = 2*t - 3. What is the remainder when b(16) is divided by 21?
8
Suppose 3*p - 27 = -3*j, 6*j - j - 36 = -2*p. Let k = -4 + j. What is the remainder when k is divided by 2?
0
What is the remainder when 429 is divided by 9 - (50/(-35) - (-3)/7)?
9
Let z = -10 + 5. Let q(d) = -d**3 - 4*d**2 + 3*d - 3. Let c = -3 + 15. Calculate the remainder when c is divided by q(z).
5
Suppose -2*d = -d - r - 63, 2*d - 121 = -3*r. Calculate the remainder when d is divided by 16.
14
Suppose -2*t + 112 = -4*z, t - 159 = -3*t - 5*z. What is the remainder when 206 is divided by t?
22
Let c = -6 + -3. Let d = -195 - -201. What is the remainder when d is divided by (-42)/c - (-2)/6?
1
Let k(c) = 8*c**2 - 25*c - 166. Calculate the remainder when k(-6) is divided by 13.
12
Let p be (3 + 0)/(-1 + 0) - -42. Suppose 4*x + p = 17*x. What is the remainder when 20 is divided by x?
2
Let f = -23 + 37. Let z = 17 - f. Calculate the remainder when 5 is divided by z.
2
Let r(v) = v**3 - v**2 - 2*v - 5. Let t be r(3). What is the remainder when 37 is divided by (-1 - (-145)/35)*t?
15
Let w = -75 - -122. Suppose w = -5*v - 13. Let i = v + 20. Calculate the remainder when i is divided by 5.
3
Let q(o) = -o**3 + 19*o**2 - 29*o - 47. Calculate the remainder when 150 is divided by q(17).
36
Let z(h) = h**3 - 7*h**2 + h + 24. Calculate the remainder when z(8) is divided by 43.
10
Suppose 0 = 13*c - 10*c. Suppose -4*n + c + 176 = 0. Calculate the remainder when n is divided by 15.
14
Let z(j) = -j + 2. What is the remainder when 32 is divided by z(-9)?
10
Suppose -5*s = -14*s + 18. Suppose 3*l = -5*u + 155, s*l + 28 = -u + 122. Calculate the remainder when 224 is divided by l.
44
Let y = -42 - 1. Let d = 58 + y. What is the remainder when d is divided by 11?
4
Let c(v) = -v**2 - 8*v + 1. Let t(i) = 6*i - 66. What is the remainder when t(16) is divided by c(-5)?
14
Let o(h) = 7*h**3 + 3*h**2 - 4*h + 2. Let k = -40 + 41. What is the remainder when 5/3*9*1 is divided by o(k)?
7
Let f(y) = -y**3 + 7*y**2 + 30*y + 13. What is the remainder when f(9) is divided by 49?
23
Suppose 2*r + 45 + 83 = 0. What is the remainder when 45 is divided by (-11 + 1)*r/40?
13
Let m(j) = -j**2 + 26*j - 64. Calculate the remainder when m(22) is divided by 6*1 - -1*1.
3
Calculate the remainder when 62 is divided by 60/70 + 1755/35.
11
Suppose 1330 = -a - 9*a. Let b = -106 - a. What is the remainder when 66 is divided by b?
12
Suppose -5*o = -957 + 392. What is the remainder when o is divided by 32?
17
Let w = 1398 + -1347. What is the remainder when 163 is divided by w?
10
Suppose 3380 = 4*p + 22*p. What is the remainder when p is divided by 17?
11
Suppose -694 = 31*x - 1717. Let h(q) = -q + 4*q**2 - q - 2*q**2. Calculate the remainder when x is divided by h(-2).
9
Suppose -108 - 92 = -3*m - 5*j, -145 = -2*m - j. Suppose m = 4*n + 11. Let l = 6 + 39. Calculate the remainder when l is divided by n.
13
Suppose 4*a + 7*r - 40 = 3*r, 5*r - 8 = 2*a. Suppose -a*c + 116 = -490. Calculate the remainder when c is divided by 26.
23
Let v = 31 + -5. What is the remainder when 258 is divided by v?
24
Suppose -8*g + 15*g - 21 = 0. Suppose -52 - 129 = -4*x - s, -g*x + 133 = -2*s. What is the remainder when x is divided by 12?
9
Let q be (-6)/((3 - 2) + -2). Let h = 53 + q. Calculate the remainder when h is divided by 12.
11
Let f(g) = 45*g - 1166. Calculate the remainder when f(39) is divided by 100.
89
Let k = 17 + 118. Let y = k - 56. Calculate the remainder when y is divided by 20.
19
Suppose 0 + 9 = 3*x. Suppose v - 80 = -4*v. Suppose -4*c + 2*c = -v. Calculate the remainder when c is divided by x.
2
What is the remainder when (4/5)/(24/720) is divided by 10?
4
Let z = 104 + -57. Suppose -4*n + 46 = 6*o - 4*o, o + z = 5*n. What is the remainder when 31 is divided by n?
1
Let c(r) = -r**2 + 1. Let g(q) = q**2 - 17*q + 50. Let u(k) = 2*c(k) + g(k). Calculate the remainder when u(-18) is divided by -2*(-4)/(8/18).
16
Calculate the remainder when 33 is divided by 9 + 70/(-25) - (-4)/5.
5
Suppose -3*p + 99 = -2*u - 25, 3*p = -4*u + 130. Calculate the remainder when 131 is divided by p.
5
Let u = 40 - 44. Let r(q) = 2*q**2 + 2*q + 4. What is the remainder when r(u) is divided by 8?
4
Let u = -48 - -84. Let z(i) = -i**3 + 10*i**2 + 12*i + 21. What is the remainder when z(10) is divided by u?
33
Suppose -5*v + 101 = -19. Let x = -10 - 8. Let l = x + v. What is the remainder when 16 is divided by l?
4
What is the remainder when (12845/175)/((-2)/(-40)) is divided by 98?
96
Let v(a) = -a**3 + a**2 - 2*a - 1. Let l be v(2). What is the remainder when 4/18 + (-79)/l is divided by 4?
1
Suppose 2133 = -15*t + 6*t. Calculate the remainder when (14/3 + -4)/((-2)/t) is divided by 20.
19
Calculate the remainder when -61*(-9)/((-9)/(-1)) is divided by 21.
19
Let r(n) = -n**3 + 9*n**2 + 2*n + 2. Let p be 1*(-2 - 0) - -11. Let i be r(p). Let w = i - 12. What is the remainder when 14 is divided by w?
6
Suppose 2*h = 3*h, t - 69 = h. What is the remainder when 264 is divided by t?
57
Suppose z = 13 + 7. Calculate the remainder when z is divided by 22/1*(-6)/(-12).
9
Let i = -1 + 13. Calculate the remainder when i is divided by 5.
2
Let n(s) = -5*s - 147. Calculate the remainder when 37 is divided by n(-34).
14
Let n(d) = -2*d**2 - 2*d - 23. Let i be n(-6). Let v = i + 113. What is the remainder when 48 is divided by v?
18
Suppose 2*y - 185 = -3*y. Let a = 334 + -321. Calculate the remainder when y is divided by a.
11
Suppose 0 = -2*j + 3*j + 50. Let w = -30 - j. Suppose -15 = -5*n, -2*n + 4*n + 34 = 5*c. What is the remainder when w is divided by c?
4
Suppose 435 = 10*l - 35. What is the remainder when 279 is divided by l?
44
Suppose -2*n = -5*f + 368, -2*f = -f - n - 76. Suppose f = 3*h + 4*j, -h = 5*j - 10*j - 5. What is the remainder when (228/(0 + 4))/1 is divided by h?
17
Let m = 105 + -170. Let n = m - -112. What is the remainder when n is divided by 8?
7
Let q = 6 - -11. Let y(f) = -8*f + 2. What is the remainder when q is divided by y(-1)?
7
What is the remainder when 417 is divided by 9/5*(-1150)/(-138)?
12
Let y = -16 + 19. Suppose -4*b + y*p = -1 - 39, -b + 17 = p. Let o(l) = -l**3 + 7*l**2 + 2*l - 4. Calculate the remainder when o(3) is divided by b.
12
Calculate the remainder when 93 is divided by ((-728)/84)/(2/(-6)).
15
Let g be (-3 + (-68)/(-16))/(2/8). Suppose 0 = u + 2*p + g, 4*u - 2*p + 10 = 8*u. What is the remainder when 23 is divided by u?
3
Let j(n) = 23*n - 179. Calculate the remainder when 20 is divided by j(8).
0
Let u(x) = -3*x + 3. Let l(a) = 2*a**2 + 4*a + 1. What is the remainder when l(-6) is divided by u(-4)?
4
Let m(f) = 3*f**2